sor of 460 and 3726?
46
What is the highest common factor of 2646 and 432?
54
What is the highest common factor of 390 and 210?
30
Calculate the highest common divisor of 5664 and 156.
12
Calculate the highest common divisor of 89 and 12193.
89
What is the highest common factor of 2107 and 147?
49
Calculate the greatest common factor of 493 and 58.
29
Calculate the greatest common divisor of 60 and 195.
15
What is the greatest common divisor of 304 and 36?
4
What is the greatest common factor of 132 and 24?
12
What is the highest common factor of 774 and 162?
18
Calculate the highest common divisor of 1280 and 40.
40
Calculate the highest common factor of 128 and 1616.
16
What is the greatest common factor of 106 and 53?
53
What is the highest common divisor of 88 and 136?
8
Calculate the highest common factor of 4189 and 71.
71
Calculate the greatest common divisor of 135 and 3.
3
What is the greatest common factor of 60709 and 11?
11
Calculate the highest common divisor of 5258 and 22.
22
What is the greatest common factor of 26560 and 2075?
415
Calculate the greatest common divisor of 860 and 410.
10
Calculate the highest common factor of 45484 and 1096.
548
What is the highest common factor of 40618 and 46?
46
What is the greatest common divisor of 28 and 844?
4
What is the greatest common divisor of 459 and 595?
17
What is the greatest common factor of 10692 and 132?
132
Calculate the highest common divisor of 37 and 20239.
37
What is the greatest common factor of 20516 and 552?
92
Calculate the greatest common divisor of 6897 and 1463.
209
Calculate the greatest common factor of 39438 and 84.
42
Calculate the highest common divisor of 2360 and 440.
40
What is the highest common divisor of 63 and 105?
21
Calculate the greatest common divisor of 306 and 2079.
9
What is the highest common factor of 230 and 30?
10
Calculate the highest common divisor of 72 and 144.
72
What is the greatest common factor of 31 and 5?
1
Calculate the greatest common factor of 1952 and 1568.
32
What is the highest common factor of 66 and 48?
6
Calculate the greatest common divisor of 455 and 325.
65
What is the greatest common factor of 564 and 1269?
141
Calculate the highest common divisor of 11460 and 360.
60
What is the highest common factor of 1937 and 1043?
149
Calculate the greatest common divisor of 4125 and 33.
33
Calculate the highest common factor of 252 and 147.
21
Calculate the highest common factor of 396 and 154.
22
What is the greatest common factor of 36 and 10818?
18
Calculate the highest common factor of 3621 and 51.
51
What is the highest common divisor of 336 and 1200?
48
Calculate the greatest common divisor of 165 and 110.
55
What is the greatest common divisor of 30 and 32?
2
Calculate the greatest common factor of 44619 and 834.
417
Calculate the highest common factor of 1088 and 400.
16
Calculate the highest common factor of 434 and 98.
14
What is the highest common factor of 150 and 1605?
15
Calculate the highest common factor of 2048 and 384.
128
What is the highest common divisor of 4 and 46?
2
Calculate the highest common factor of 33 and 44.
11
Calculate the greatest common factor of 296 and 328.
8
Calculate the greatest common divisor of 10 and 286.
2
What is the highest common divisor of 2136 and 24?
24
What is the greatest common divisor of 100 and 1580?
20
Calculate the highest common factor of 4575 and 549.
183
Calculate the greatest common divisor of 1 and 41.
1
Calculate the highest common divisor of 166 and 4233.
83
What is the highest common divisor of 82 and 4715?
41
Calculate the highest common factor of 558 and 72.
18
Calculate the highest common divisor of 14910 and 140.
70
Calculate the highest common factor of 53 and 1219.
53
Calculate the highest common factor of 72 and 198.
18
Calculate the greatest common factor of 142 and 14.
2
What is the greatest common factor of 75 and 23475?
75
Calculate the highest common divisor of 98 and 15043.
49
What is the highest common divisor of 495 and 55?
55
What is the highest common divisor of 28 and 10514?
14
What is the greatest common factor of 90 and 54?
18
What is the highest common divisor of 696 and 24?
24
Calculate the highest common divisor of 215 and 55.
5
What is the highest common factor of 768 and 12?
12
What is the highest common divisor of 460 and 1242?
46
Calculate the greatest common factor of 261 and 99.
9
What is the highest common factor of 6 and 1622?
2
Calculate the highest common factor of 44 and 1188.
44
What is the highest common factor of 3 and 41?
1
Calculate the greatest common divisor of 285 and 11305.
95
Calculate the greatest common divisor of 288 and 72.
72
Calculate the highest common divisor of 2464 and 13244.
308
What is the greatest common divisor of 624 and 6?
6
Calculate the greatest common factor of 215 and 344.
43
Calculate the highest common factor of 21 and 1239.
21
What is the highest common factor of 888 and 333?
111
Calculate the highest common factor of 4131 and 17.
17
Calculate the greatest common divisor of 16 and 4932.
4
What is the greatest common factor of 232 and 8410?
58
What is the highest common factor of 14 and 1106?
14
Calculate the highest common factor of 98644 and 28.
28
What is the highest common factor of 32 and 240?
16
What is the greatest common factor of 40 and 1100?
20
Calculate the highest common factor of 2375 and 95.
95
Calculate the greatest common factor of 85 and 85.
85
What is the highest common factor of 3475 and 225?
25
Calculate the highest common divisor of 39 and 104.
13
Calculate the greatest common divisor of 3856 and 6.
2
Calculate the highest common divisor of 34 and 1394.
34
Calculate the greatest common factor of 6278 and 292.
146
What is the greatest common factor of 4225 and 75?
25
What is the greatest common divisor of 2163 and 103?
103
Calculate the highest common factor of 351 and 234.
117
What is the greatest common factor of 1168 and 16?
16
What is the greatest common divisor of 10 and 20?
10
What is the highest common divisor of 2805 and 15?
15
Calculate the highest common factor of 1168 and 128.
16
What is the greatest common divisor of 24 and 41304?
24
What is the greatest common divisor of 35 and 1505?
35
Calculate the greatest common divisor of 1768 and 32.
8
What is the greatest common divisor of 131 and 41003?
131
What is the greatest common divisor of 97 and 4753?
97
What is the greatest common factor of 672 and 182?
14
What is the greatest common factor of 473 and 1749?
11
What is the greatest common divisor of 840 and 216?
24
Calculate the greatest common divisor of 533 and 205.
41
What is the greatest common divisor of 5 and 2290?
5
Calculate the highest common divisor of 2646 and 8316.
378
Calculate the greatest common factor of 2375 and 125.
125
Calculate the greatest common factor of 452 and 4.
4
What is the greatest common factor of 42 and 2?
2
What is the highest common factor of 945 and 287?
7
What is the greatest common factor of 11 and 737?
11
What is the greatest common divisor of 10373 and 92?
23
What is the greatest common factor of 31 and 62?
31
What is the highest common factor of 604 and 151?
151
What is the highest common divisor of 95 and 33421?
19
Calculate the highest common divisor of 55 and 2915.
55
What is the highest common factor of 69 and 2484?
69
Calculate the highest common divisor of 10 and 1550.
10
Calculate the greatest common divisor of 595 and 34.
17
Calculate the highest common factor of 110 and 40.
10
Calculate the highest common factor of 141 and 188.
47
Calculate the greatest common divisor of 30668 and 82.
82
What is the greatest common factor of 18 and 334?
2
What is the greatest common factor of 56 and 126?
14
Calculate the highest common factor of 100 and 2650.
50
Calculate the greatest common factor of 102 and 3774.
102
What is the greatest common divisor of 9546 and 666?
222
What is the greatest common factor of 384 and 16?
16
What is the highest common factor of 6831 and 1104?
69
What is the highest common divisor of 288 and 12?
12
What is the greatest common factor of 12 and 486?
6
What is the greatest common factor of 12 and 1965?
3
Calculate the greatest common factor of 282 and 6.
6
Calculate the greatest common divisor of 35 and 